divided by 2.
0
Let s(r) = 4*r + 3. Let a(w) = 3*w + 2. Let f(u) = 7*a(u) - 5*s(u). What is the remainder when (12/(-36))/(1/(-6)) is divided by f(3)?
0
Suppose 105 + 9 = 3*o. What is the remainder when o is divided by 13?
12
Suppose 11 = a - 3*w, a = 2*a + 5*w - 3. Suppose 5 = 2*o - 1. Calculate the remainder when a is divided by o.
2
Let z be (-4)/22 + (-13)/(-11). Let v be (z - 3/2)*10. What is the remainder when 12 is divided by (-1)/((-1)/(2 - v))?
5
Suppose 3*o + 33 = 2*z, -3*o - 81 = -0*z - 4*z. What is the remainder when 95 is divided by z?
23
Let f = 80 + -57. Let c = 5 - -7. Calculate the remainder when f is divided by c.
11
Let q = 301 + 9. Calculate the remainder when q is divided by 39.
37
Suppose 0 = 3*n - n. Suppose n = 2*q - 2*r - 32, 0*q + 3*r = -2*q + 57. Calculate the remainder when 81 is divided by q.
18
Suppose 3*p - 42 = -m, -p + 2 = 2*m - 7. Let z = -21 + 32. Suppose -2*y = -p - z. Calculate the remainder when 25 is divided by y.
12
Let c be -1 + 1 + 24/6. Suppose 3 = v - c*v. Calculate the remainder when 20 is divided by (v/3)/(1/(-21)).
6
Suppose 3*y + 21 = 6*y. What is the remainder when y is divided by 3?
1
Let h = -24 + -5. Let s = h + 73. What is the remainder when s is divided by (-1)/(5 + -1) - 186/(-8)?
21
Let z = 82 - 58. What is the remainder when 71 is divided by z?
23
Suppose 0 = -0*d + 5*d - 170. Let f = d + -23. Calculate the remainder when f is divided by 6.
5
What is the remainder when 48 is divided by -1 - 11/((-11)/18)?
14
Suppose -2 + 10 = -y + 4*x, y - 5*x + 9 = 0. Let w(k) = k**2 + 7*k + 6. Let f be w(y). Let t = 10 + f. What is the remainder when 11 is divided by t?
3
Suppose -3*l = -4*s + 6 + 118, 2*s = 2*l + 64. Let u = -9 + s. What is the remainder when 37 is divided by u?
18
Suppose -2*a = a. Suppose a = y - 3*y - 20. Calculate the remainder when ((-18)/(-15) + -2)*y is divided by 3.
2
Suppose -2*f - 3*f = -5. Let c(n) = 19*n - 1. What is the remainder when c(f) is divided by (20/(-6))/((-2)/6)?
8
Let q(n) be the third derivative of -n**6/120 + n**4/12 + 9*n**3/2 + 3*n**2. What is the remainder when q(0) is divided by 15?
12
Let p = -118 + 223. Suppose -3*o = -p - 3. Calculate the remainder when o is divided by 19.
17
Let i(z) = z**2 - 4*z - 1. Let o be i(8). Suppose -4*c + o + 17 = 0. Calculate the remainder when 34 is divided by c.
10
Suppose 5*b = 130 + 75. Calculate the remainder when b is divided by 11.
8
Let r be (1 - -1)*91/14. Let u = r + -7. What is the remainder when 16 is divided by u?
4
Let q = 6 + -6. Suppose q = 3*r - 0 - 9. What is the remainder when 8 is divided by r?
2
Let b = -14 + 23. What is the remainder when 35 is divided by b?
8
Let w be (81/(-45))/(6/(-20)). Suppose -3*t = -15 + w. Calculate the remainder when 11 is divided by t.
2
Suppose -5*u = 3*r - 66 - 1, 2*u + 46 = 4*r. Suppose -r = -3*b - 2. Let t = 7 + -4. What is the remainder when b is divided by t?
1
Suppose 41 + 164 = 5*t. What is the remainder when t is divided by (-23)/(-1) - (-12 - -14)?
20
Let w = 4 - -23. Let g = 39 - 29. What is the remainder when w is divided by g?
7
Let q(o) = 4*o**2 + 2*o - 5. Let l(k) = k**2 - k - 1. Let t(x) = -2*l(x) + q(x). Calculate the remainder when 63 is divided by t(2).
11
Let h(j) = 5*j**2 - 4*j - 4. Calculate the remainder when 10 is divided by h(-1).
0
Let f(s) = -7*s - 5. What is the remainder when f(-8) is divided by 13?
12
Let c be ((-1)/(-2))/(4/48). Let m = 0 + c. What is the remainder when 23 is divided by m?
5
Let r be 0 + -1 - (-2 - -1). Suppose 5*d + 1 + 39 = r. Let z = d + 15. Calculate the remainder when 20 is divided by z.
6
Let h = 399 + -149. Suppose -4*o - a + 966 = 0, 2*o - o - h = 4*a. Suppose 4*u = -5*i + 268 + 14, o = 4*i - 5*u. What is the remainder when i is divided by 20?
18
Let f be 0 - -55 - (-4 + 5). Suppose -3*k + f - 6 = 4*a, 0 = 5*k + 2*a - 80. Calculate the remainder when k is divided by 6.
4
Let s(p) = -p**3 - 2*p**2 - 6*p - 6. Calculate the remainder when s(-4) is divided by (34/(-6))/((-1)/3).
16
Suppose m = 5*t + 6, 0*t - 4*m = t - 3. Calculate the remainder when -26*t*(-2)/(-2) is divided by (36/(-20))/((-2)/10).
8
Let t = 83 + -41. What is the remainder when 63 is divided by 111/7 + 6/t?
15
Let y be -6 + ((-16)/4)/(-4). Let x(s) = s**2 + 8*s + 1. Let a be x(-6). Let t = y - a. What is the remainder when 10 is divided by t?
4
Suppose 2*w + 3*w = 100. Suppose -g = -0 + w. Calculate the remainder when 28 is divided by (-6)/4*g/3.
8
Suppose -3*x + 5*s + 7 = 0, 2*x + 5*s + 4 = 17. Suppose -p - 3*b + 25 = 0, 0*b - 70 = -5*p - x*b. Calculate the remainder when 48 is divided by p.
8
Let t be (-4)/3*(-15)/10. Let z(n) = 35*n + 1. What is the remainder when z(t) is divided by 18?
17
Suppose 4*u + 16 = -3*l, 2*l + 5*u = 4*u - 4. Let a be l + 0 + -1 + 5. Suppose -1 = a*b - 33. What is the remainder when b is divided by 3?
2
Suppose -y - 3 = 2*l, -2*y - 12 = -y + 5*l. What is the remainder when 33 is divided by 350/30 - (-1)/y?
9
Let n(s) = 2*s**2 - 20. What is the remainder when 34 is divided by n(4)?
10
Let v = 146 + -120. Let q(i) = i**2 - 5 + i + 2 + 0. Calculate the remainder when v is divided by q(3).
8
What is the remainder when 42 is divided by ((-2)/6)/((-1)/33)?
9
Let w(y) = -y**2 - 5*y - 2. Calculate the remainder when 7 is divided by w(-4).
1
Let w = 17 + -15. Suppose -w*p - 3 = -u - 0*p, 42 = 4*u - 2*p. What is the remainder when 36 is divided by u?
10
Suppose 7*m = -13 + 139. What is the remainder when m is divided by 10?
8
Let o be (-15)/(-10) + 9/2. Let r = o - 3. What is the remainder when 4/10 - 33/(-5) is divided by r?
1
Let r(n) = n**3 + 8*n**2 + n + 10. Let s be r(-8). Let i = 18 + s. What is the remainder when 78 is divided by i?
18
Suppose 21*k - 19*k - 32 = 0. Calculate the remainder when 28 is divided by k.
12
Let d(s) = s + 10. Let p be d(-7). Let a be 7/p - 4/(-6). Suppose -42 = -a*y + 2*y. What is the remainder when y is divided by 15?
12
What is the remainder when 27 is divided by (-64)/(-10) + (26/10 - 2)?
6
Let c(m) = m - 37. Let t be c(0). Let q be t/(-2) + 1/(-2). Suppose -3*h = -q - 3. What is the remainder when h is divided by 4?
3
Let h(l) = 9*l - 42. What is the remainder when h(15) is divided by 32?
29
Suppose -3*i + 80 + 37 = 0. What is the remainder when i is divided by 14?
11
Suppose 3*i + 78 = 3. Let f = -18 - i. Calculate the remainder when 12 is divided by f.
5
Let c(o) = 2*o**2 - o. What is the remainder when 98 is divided by c(-2)?
8
Suppose 0 = k - 0*k + 40. Let u = -26 - k. What is the remainder when 55 is divided by u?
13
Suppose -q - 4*q = 0, w - 4*q - 151 = 0. What is the remainder when w is divided by 38?
37
Suppose 3*p + 5*p = 456. Calculate the remainder when p is divided by 30.
27
Let v = -14 - -14. What is the remainder when 42 is divided by v + (-8)/((-8)/15)?
12
Let a(v) = v**2 + 8. Let w be a(5). Let f = w + -22. Calculate the remainder when 30 is divided by f.
8
Let h(l) = l**2 + 2*l + 5. Suppose 5*g + 25 + 0 = 0. Calculate the remainder when 39 is divided by h(g).
19
Suppose 0 = 17*p - 210 - 351. Calculate the remainder when 126 is divided by p.
27
Let c(f) = 31*f. Let j(n) = -2*n**3 + 2*n**2 + 6*n + 4. Calculate the remainder when c(1) is divided by j(-2).
15
Let y be 4/22 + (-225)/(-33). Suppose y*g = 2*g + 50. Calculate the remainder when 18 is divided by g.
8
Suppose 0 = -3*j + 5*j - 8, f - 128 = 2*j. Calculate the remainder when f is divided by 23.
21
Let r = 6 + -11. Let s = -2 + 10. Let v = s + r. Calculate the remainder when 8 is divided by v.
2
Let b(r) = -r**3 + 16*r**2 - 13*r + 3. Let c be b(16). Let t = c + 290. What is the remainder when t is divided by 22?
19
What is the remainder when 15 is divided by (-6)/((-10)/(4 - -1))?
0
Let h(r) = r**2 - 7*r + 7. Suppose -2*d - 12 = -4*q + d, 4*q + 5*d + 20 = 0. What is the remainder when h(9) is divided by 2*18/4 - q?
7
Suppose r - w - 64 = -6*w, w = r - 34. What is the remainder when r is divided by 7?
4
What is the remainder when -3 - -3 - (-212 - -3) is divided by 42?
41
Let v(y) = y - 7. Let t be v(-6). Let u = 18 + t. What is the remainder when u is divided by 2?
1
Let b(g) = 6*g**3 + 4*g**2 - 4*g + 1. What is the remainder when b(2) is divided by 29?
28
Let y(a) = -3*a - 2. Let c(q) = q - 1. Let f(s) = -4*c(s) - y(s). Calcul